ided by 40?
39
Suppose 383*h + 30 = 389*h. Let b = 9 - -13. What is the remainder when b is divided by h - (10 + (-3 - -2)) - -17?
9
Let r(z) = 19*z - 3. Let v be r(1). Suppose -2*n = -7*n - q + v, -3 = -3*q. Suppose -n = 4*y - 151. Calculate the remainder when y is divided by 13.
11
Let h(i) = -4*i + 19. What is the remainder when 704 is divided by h(1)?
14
Let v(q) = 10*q**2 + 24*q - 121. What is the remainder when 1495 is divided by v(6)?
346
Suppose -5*c - 1 = -6*c. Let m(t) = 8*t**3 - t**2. Let z = 1013 + -987. Calculate the remainder when z is divided by m(c).
5
Suppose -30 = -7*a - 44. Calculate the remainder when 53 is divided by -2 + a - -28 - 8/2.
13
Suppose -3 = 4*f - 19, 0 = 4*w + 4*f - 44. Suppose 5*s + w = q - 24, s + 93 = 3*q. What is the remainder when q is divided by 24?
7
Suppose f + 3 = 0, -3*f = -k - 3*k + 29. Suppose 20 = 2*c + 3*n, 1 = -k*c + 2*n + 51. Calculate the remainder when (2 - 1)*(-2 - -31) is divided by c.
9
Suppose 12*r - 18*r + 39*r - 561 = 0. What is the remainder when 212 is divided by r?
8
Let t(d) = -13*d**3 + 2*d**2 + 3*d - 4. Let g be t(1). Let l(m) = -m**2 - 26*m - 136. Calculate the remainder when ((-7)/21)/((-3)/1422) is divided by l(g).
30
Let a(k) be the second derivative of 0 - 1/20*k**5 + 0*k**3 + k**2 - 2*k + 3/4*k**4. Calculate the remainder when a(8) is divided by 34.
32
Let v = 397 - 600. Let h = v + 282. Calculate the remainder when h is divided by 27.
25
Let a = -42 - -60. Let f = 18 + -18. Suppose -4*u - 2*m = -124, -2*u + 2*m + 94 - 20 = f. Calculate the remainder when u is divided by a.
15
Suppose h = 3*c + 28, 2*h - 4*c = -3*c + 61. Suppose -2*w - 2*v = 0, 76 = 2*w + 3*v + 88. What is the remainder when h is divided by w?
7
Let h = 10 - 7. Suppose 2*g + 53 = 5*o + 21, -h*g - 3 = 0. Suppose -66 = -5*w + 39. Calculate the remainder when w is divided by o.
3
Let u(q) = -15*q - 58. Let n be u(-4). Suppose 4*o - 468 = -0*a + a, -5*a = -n*o + 252. Calculate the remainder when o is divided by 26.
12
Suppose 115 = 5*k - 3*v, 0 = k + v - 6*v - 23. Suppose 425 = -24*m + 1063 + 922. Calculate the remainder when m is divided by k.
19
What is the remainder when (364812/(-196))/((-1)/7) is divided by 38?
33
Calculate the remainder when 37 is divided by (-23)/(230/450)*((-4)/3 - -1).
7
Let i(g) = -g**2 - 27*g - 52. Let j = -868 + 852. Calculate the remainder when 491 is divided by i(j).
119
Let g = 4250 + -4126. What is the remainder when g is divided by 18?
16
Let n(f) = -5*f - 2*f + 25 + 3*f - 40. What is the remainder when n(-12) is divided by 13?
7
Let x = -15 - -19. Let j(a) = -a**2 - 8*a - 2. What is the remainder when j(-4) is divided by x?
2
What is the remainder when 439 is divided by 325/39 - (-154)/33?
10
Suppose 3*n - 2*i - 60 = 0, 4*n - 30 = 2*n - 2*i. Let l = 51 + -41. Let y(q) = q. What is the remainder when n is divided by y(l)?
8
Suppose 12*g - 3*p + 604 = 17*g, -3*g + 6*p + 339 = 0. What is the remainder when 3829 is divided by g?
21
Let j(s) = -s**3 + 66*s**2 - 127*s + 428. Calculate the remainder when j(62) is divided by 12.
10
Let z(c) = 18*c - 141. Let g be z(8). Suppose 23*b - 13 = 22*b - n, g*n - 21 = -b. Calculate the remainder when 1*4*35/4 is divided by b.
8
Let t(h) = -h**3 - 14*h**2 - h - 13. Let y be t(-14). Let s be (-5 + (-2)/1)*y. Let f(g) = -g**2 - 9*g + 6. Calculate the remainder when 98 is divided by f(s).
18
Suppose 3*c + 3*o + 51 = 813, 1285 = 5*c + 2*o. Suppose s - 196 + 71 = -5*u, 0 = 4*u - 3*s - 119. What is the remainder when c is divided by u?
25
Let f(w) = 16*w - 1. Let j(a) = a**2 - 10*a + 4. Let l be j(10). Suppose u + 9 = 2*q, -l*q = -0*u - u - 15. What is the remainder when f(q) is divided by 25?
22
Let f be (-4 - 26)*144/20. Let b = -205 - f. What is the remainder when 40 is divided by b?
7
Calculate the remainder when (1043/(-49) - -9)*(-36 - 6) is divided by 52.
48
Let k = -81 - -143. Suppose 2*u - k = -4*m, 0 = -2*m + 4*u - u + 19. Suppose 4035 - 4173 = -2*z. Calculate the remainder when z is divided by m.
13
Let a = -1519 + 1983. What is the remainder when a is divided by 113?
12
What is the remainder when 228 is divided by ((-385)/396 + (-6)/(-27))*-88?
30
Let r(q) = 2*q**2 + 10*q + 3. Suppose 96*j = 109*j - 13. Let y(m) = 121*m**3 + 1. Calculate the remainder when y(j) is divided by r(-7).
29
Let g = 88 - 85. Suppose 3*i + 15 = 0, 62 + 233 = 2*j + g*i. What is the remainder when j is divided by 26?
25
Let w be (-1 - (-1 - 1)) + (-15)/(-5). Let t(c) = c + 48. What is the remainder when 307 is divided by t(w)?
47
Suppose -73*j = -8*j + 12*j - 1925. Calculate the remainder when 736 is divided by j.
11
Suppose -166*q + 3699 = -139*q. What is the remainder when q is divided by 36?
29
Suppose -16*j + 9293 - 2605 + 3904 = 0. Calculate the remainder when j is divided by 36.
14
Let c be (40/6)/(14/(-6) - -3). Let v = 43 - c. What is the remainder when v is divided by 30?
3
Let f be 14/35 - (-14301)/35. Let s = 574 - f. Calculate the remainder when s is divided by 57.
51
Let g = 33 - 39. Let q be (-567)/45*20/g. Suppose 2*n + n = q. Calculate the remainder when 54 is divided by n.
12
Suppose 2*q = 12*d - 68, 0 = 35*d - 37*d + q + 14. Let l(n) = -n**2 + 5*n - 1. Let m be l(7). What is the remainder when (-414)/m + 4/10 is divided by d?
3
Let z(v) = 6*v - 12*v - 9*v + 3*v**2 - 2*v + 14. What is the remainder when z(6) is divided by 72/108*(-15)/(-2)?
0
Let p = 36 - -58. Suppose 0 = -54*x + 655 + 434 + 369. What is the remainder when p is divided by x?
13
Suppose 0 = 42*t + 4*t + 36524. Let z = -763 - t. Calculate the remainder when 71 is divided by z.
9
Suppose -4*f = -0*l - l - 39, -2*f - l = -15. Let c be ((348/f)/(-1))/(4/(-6)). Let s = c - 0. Calculate the remainder when s is divided by 20.
18
Calculate the remainder when 11308 is divided by -6 + 126/10*(-680)/(-102).
76
Suppose q = -5*c + 96, 4*c - 77 = 270*q - 271*q. What is the remainder when 495 is divided by c?
1
Suppose -x = x - 10. Suppose -8*d + 5*y + 33 = -4*d, 5*d = -x*y - 15. Let h(b) = 18*b**2 - 3*b. Calculate the remainder when h(d) is divided by 34.
32
Let q = 63 - 35. Let k(i) = -i**3 + 5*i**2 + 16*i - 7. Let j = -623 + 629. What is the remainder when k(j) is divided by q?
25
Let j be 2*3 - 0/29. Suppose 2*y - 64 = -j*y. Calculate the remainder when y is divided by 3.
2
Suppose 6 = p + i - 1, -i = 0. Suppose 0 = 2*r - p*r + 390. Suppose -5*x = -j + 4*j - 94, -4*j + 3*x + 106 = 0. Calculate the remainder when r is divided by j.
22
Suppose 46*i = 43*i + 3593 - 356. Calculate the remainder when i is divided by 9.
8
Let j = 1871 - 1780. Calculate the remainder when 284 is divided by j.
11
Let l(a) = 4*a**2 + 4*a + 9. Let j(t) = -t**2 - 1. Let m(h) = 3*j(h) + l(h). Calculate the remainder when (24/(-15))/(4/(-165)) is divided by m(-6).
12
Suppose -203 - 10 = -3*i. What is the remainder when i is divided by (-2)/(-9) + 6253/333?
14
Let d(x) = 167*x - 166*x - 4 - 4*x**2 + x**3 + 3. Let h be d(4). Calculate the remainder when 19 is divided by (h - 4)/(2/(-14)).
5
Suppose -27*g + 25993 = -g + 253. Calculate the remainder when g is divided by 125.
115
Suppose -17*s - 963 = -c - 20*s, 2*s = 3*c - 2944. What is the remainder when c is divided by 35?
33
Let i = -29 - -41. Let f be ((-16)/10)/(i/(-30)). Suppose 144 - 4 = f*j. What is the remainder when j is divided by 12?
11
Suppose -5*d = 3*z - 11, 0*z + 73 = 4*z - 5*d. Let r(c) = -c**3 - 10*c**2 + 12*c + 20. Let x = 24 - 35. Calculate the remainder when z is divided by r(x).
3
Let k(l) = 232*l**3 + l**2 + 4*l - 5. Let m(c) = -2*c**3 - 16*c**2 + 12*c - 15. Calculate the remainder when k(1) is divided by m(-9).
37
Suppose -3*x = -4*j + 2069 + 1910, 0 = 2*j + 4*x - 2028. What is the remainder when j is divided by 986?
14
Suppose -32*q = 13*q + 61*q - 41022. What is the remainder when q is divided by 140?
107
Suppose -2*l = -3*s - 124, -4*l + 94*s + 266 = 91*s. Suppose -4*t + 250 + 326 = 4*a, 2*a = -t + 148. What is the remainder when t is divided by l?
69
Let j be (-1206)/24 + (-2)/(-8). What is the remainder when (-8146)/j - (-8)/100 is divided by 5?
3
Let i = -159 + 161. Suppose 5*p - 2*x = -0*x + 412, -i*x = 2. Let m(f) = f**2 + 6*f + 1. Calculate the remainder when p is divided by m(-9).
26
Let m be 189/(-45) - -5 - (-3546)/5. Let k = m - 664. Wha